- 4, 5*x = 5*p - 15. What is j(p)?
1
Let h(r) = -6*r**3 + r**2 + r - 1. Let i(g) = g**3 + 11*g**2 - 13*g + 6. Let z be i(-12). Let x(o) = -18*o - z*o + 37*o - o**2 + 7. Let n be x(3). Give h(n).
-5
Let g = 106 - 109. Let d(n) = 2*n + 3*n + 2 - 2*n - 4*n + n**2. Give d(g).
14
Let x(j) be the third derivative of j**4/24 - 7*j**3/6 + 59*j**2. Give x(-7).
-14
Let w(b) be the second derivative of -1/6*b**3 + 0 - 2*b + 0*b**2 - 1/8*b**4 + 1/120*b**5. Let h(l) be the second derivative of w(l). Calculate h(5).
2
Let u(h) be the second derivative of -1/2*h**2 - 11/6*h**3 + 0 + 3*h. Let y(c) = c**3 + 10*c**2 + 8*c - 8. Let g be y(-9). Determine u(g).
-12
Let u(n) be the third derivative of n**5/120 + n**4/8 + n**3 - 16*n**2. Let p(r) be the first derivative of u(r). Let y be (0 + 4)*3/(-4). Give p(y).
0
Let x be -3 + -4*3/(-12). Let p = -8 - x. Let n(c) = -c + 2. Let m(f) = -f + 2. Let b(h) = -4*m(h) + 3*n(h). Calculate b(p).
-8
Suppose 5*o - 434 = l + 19, -3*l = -3*o + 267. Let j be ((-12)/14)/((-13)/o). Let y(r) = -2*r - 2*r - 1 + j*r. Determine y(2).
3
Suppose -p + 5 = -0. Let x = -2 + p. Let r(i) be the third derivative of -i**6/120 + i**5/20 + i**4/24 - i**3/3 + 2*i**2 - 6112. What is r(x)?
1
Let f be 3*1/(-2)*-2. Suppose y + 10 = f*u, -6 = 3*y + 6. Suppose -2 = -u*k + 10. Let h(j) = j**3 - 6*j**2 - j + 7. What is h(k)?
1
Suppose l - 5*n - 18 = 6, 2*l - 13 = 3*n. Let y be ((-26)/4 - l) + 3/6. Let i(p) = -p**3 - 4*p**2 + 3*p - 4. Calculate i(y).
6
Let v(b) = b**3 + 2*b + 1. Let l = -17 - -20. Suppose -l*q = f - 3 + 6, 0 = -3*q + f - 9. What is v(q)?
-11
Let o(a) = -a + 10. Suppose 22*z = 21*z - 34. Let x = z + 39. Determine o(x).
5
Let x(o) = -3*o - 4. Let i be 0 - 12/(-3)*4. Suppose -2*g = -6*g - i. Give x(g).
8
Let y(q) = 13*q**3 - 4*q**2 + 8*q + 18. Let l(s) = 28*s**3 - 8*s**2 + 17*s + 39. Let i(n) = 6*l(n) - 13*y(n). What is i(1)?
1
Suppose 4*j + 5 + 67 = 0. Let f = j - -38. Suppose -6*p + f = -2*p. Let y(m) = -m**2 + 6*m. What is y(p)?
5
Suppose 0*s = -5*s + 5*m, m = -s - 4. Let h(j) = 8*j + j**3 + j**2 - 6*j + j**2. What is h(s)?
-4
Let q(v) be the second derivative of v**5/20 + v**4/3 - v**3/6 - 2*v**2 + 37*v. Let z be (-2)/(-8) + 196/(-16). Let y(u) = -u - 16. Let g be y(z). What is q(g)?
0
Let d be 16/3 + 4/6. Let z be (-4)/4*(-15)/5. Let q(v) = -6 - 6*v + v**3 - z*v**2 + 4*v**2 - v**2 - 5*v**2. Determine q(d).
-6
Let s(r) be the second derivative of r**3/3 + 7*r**2/2 - 103*r. Give s(-7).
-7
Let d(y) be the third derivative of y**6/120 + 2*y**5/15 + 7*y**4/24 + 2*y**3/3 - 20*y**2. Calculate d(-6).
34
Let o(g) = -6*g**3 - 3*g**2 + 2*g. Let j be -5*(3/(-30))/(4/(-24)). Let v(x) = -6*x**3 - 2*x**2 + x. Let r(d) = j*v(d) + 2*o(d). Give r(1).
7
Let z(q) = 40 + 6*q + 4 - 10 + 0*q + q. Determine z(-6).
-8
Let k be (-4)/(4/13)*-1. Suppose -17*r + k*r = -4. Let j(i) = 0*i - 5*i - i**2 + 4*i - r. Determine j(-2).
-3
Let l(r) be the third derivative of -7/6*r**3 + 1/3*r**4 + 0 + 11*r**2 + 0*r - 1/120*r**6 - 7/60*r**5. Calculate l(-8).
-7
Let s(j) = 6*j**2 - j - j**2 - 3 - 40*j**3 + 39*j**3. Determine s(5).
-8
Let w(a) be the second derivative of a**4/12 - 4*a**3/3 - 19*a**2/2 + a + 4. Give w(10).
1
Let y(n) = 5*n**2 + 4*n. Let v(a) = 4*a**2 + 4*a. Let q(p) = 6*v(p) - 5*y(p). Suppose h = -4*h + 25. Let b = 9 - h. Determine q(b).
0
Let d = 104 - 98. Let j(i) = 2*i - 3 - 4 + d. Give j(2).
3
Let z(g) = -5*g**2 - 7*g + 8. Let t be z(1). Let d(i) = i**2 + 2*i - 5. Calculate d(t).
3
Let t(y) = y**2 - 2*y**2 - 6*y - y + 7*y - y + 16. What is t(0)?
16
Let x(c) = -7*c + 6. Let n(l) = -20*l + 17. Let p(b) = 6*n(b) - 17*x(b). Let t be 68/(-85)*30/(-4). Suppose a = -0*a - t. Calculate p(a).
6
Let u be (12/(-8))/((-9)/24). Let m(f) = -2*f + u*f - 3*f. Determine m(-3).
3
Suppose 2*z - 3*p = 22, -14 = -z + p - 5. Let t(k) be the second derivative of 1/6*k**3 - 3*k + 0 - 5/2*k**2. Calculate t(z).
0
Let u(p) = 22 - 19 + 2*p - 25. Determine u(18).
14
Let o(z) = 4*z**2 + 3*z + 3. Let b be (-2)/(-3)*(68/(-8) - -1). Let y(w) = -3*w**2 - 4*w - 4. Let l(m) = b*y(m) - 4*o(m). What is l(8)?
8
Let l(m) be the third derivative of m**7/2520 + m**6/120 + m**5/60 + 3*m**4/8 + 14*m**2. Let r(c) be the second derivative of l(c). Calculate r(-5).
-3
Let o(z) = -z - 5. Let m(x) = 3*x + 22. Let y(r) = -m(r) - 2*o(r). What is y(-14)?
2
Let q be 4*1 - (-45)/15. Let j(h) = -4*h + 6. Let s(y) = 5*y - 7. Let x(b) = -6*j(b) - 5*s(b). Calculate x(q).
-8
Let z(a) = -a**2 + 4*a - 3. Let c(v) = -2*v + 35. Let s = 8 - 5. Let i be (-123)/(-8) - s/8. Let q be c(i). Determine z(q).
-8
Let x(p) = p + 2. Suppose -4*n - 559 = -2*s + 5*s, 4*s = 5*n + 722. Let b = -154 - n. What is x(b)?
-10
Let d(l) = -l + 9. Let j = 147 + -236. Let m = j - -97. Calculate d(m).
1
Let z(n) = n - 6. Let x = 182 - 182. What is z(x)?
-6
Let d(w) = 11*w**2 + 2*w - 12*w - 3*w**2 - 9*w**2. Determine d(-9).
9
Suppose 3*d + 5*b = 11, -5*d + 7 = 2*b - 5. Suppose -18 = 5*x - 3*h, -7*x = -2*x - d*h + 17. Let k(m) = -m**2 + m + 1. Calculate k(x).
-11
Let b(x) = 2*x. Let s(r) = r**3 - 7*r**2 + 12*r - 9. Let y be s(6). Suppose 4 + 0 = -j - g, -y = 5*j - 2*g. Calculate b(j).
-10
Suppose 4*r - 4*r = 9*r - 36. Let x(n) = -n. Let u(a) = -a. Let l(m) = 3*u(m) - x(m). What is l(r)?
-8
Let a(s) = s**2 + 2*s - 4. Let f be (-3)/6 + 1/2. Suppose 0 = 10*b - 7*b - 15. Suppose m + b = -f*m. Calculate a(m).
11
Let v(j) = 7 + 7 + 31*j - 3 + 17 - 26*j. Give v(-4).
8
Suppose 6*l - 316 = -46. Let d = l - 47. Let m(c) be the third derivative of -c**4/12 - c**3/3 + c**2. Determine m(d).
2
Suppose -2*h + 8 = -0*h. Let u(n) = -1 - 2 - n + h. Calculate u(-4).
5
Let w(y) = 4*y**2 + 4*y + y - 4*y**2 + y**2 + 1. Let x(n) = n**2 + n + 1. Let m be x(-2). Suppose m*l - 5 + 20 = 0. What is w(l)?
1
Suppose 180 = 4*z - 6*z. Let q = 87 + z. Let m(f) be the third derivative of -f**5/30 - 5*f**4/24 - 2*f**3/3 - f**2. What is m(q)?
-7
Let o(j) be the first derivative of j**4/4 + 3*j**3 + 13*j**2/2 - 4*j + 304. Give o(-7).
3
Let w = 57 - 99. Suppose 0 = -0*k - 3*k + 6, -5*l = 2*k - 144. Let n be 15/(-2)*l/w. Let z(u) = u**3 - 5*u**2 - 3*u + 7. Determine z(n).
-8
Suppose 27*c = 73 + 305. Let a(r) = 3*r - 5. Determine a(c).
37
Let o(d) be the first derivative of d**3 - d + 2. Suppose 5*p = -0*p - v - 5, p = 2*v + 10. Suppose 2*x + x - 3 = p. Calculate o(x).
2
Suppose -16 = -3*h + w, -2*h - w = -0*w - 4. Let n(p) = -h + 7*p**2 - 5 + 2*p - 3*p - p**3 + 3*p. Suppose -3*k + 43 = z + 17, -4*z = k - 27. Give n(k).
5
Let v(b) = -1 + 7*b**3 - b + 5*b**3 - 7*b**2 + 5 - 11*b**3. Give v(7).
-3
Let q be (-8)/28 + 1978/161. Let p(s) = s**3 - 13*s**2 + 15*s - 7. Give p(q).
29
Let w(a) = -3*a + 4. Let n(f) = f - 1. Let d(r) = 2*n(r) + w(r). Let i(h) = -h - 3. Let o be i(-5). Suppose 5 = -o*y - 1. Determine d(y).
5
Let h = 67 - -5. Let d be (14/4 + -3)/((-6)/h). Let c(g) = -g**3 - 7*g**2 - 6*g + 6. What is c(d)?
6
Let f(w) = -2*w**3 - 10*w**2 + 5*w + 5. Let k(m) = m**3 + m + 1. Let y(r) = -f(r) - 3*k(r). What is y(9)?
1
Let w(s) = s**2 - 7*s - 22. Let r be w(-3). Let c(a) be the second derivative of -a**5/20 + 7*a**4/12 + 7*a**3/6 + a**2/2 + 3*a. Calculate c(r).
-7
Let m be 6/4 + 20 + (-900)/40. Let h(f) = 10*f**2 - f. Determine h(m).
11
Let c(d) = 11*d**2 - 4*d - 7. Let u(j) = -31*j**2 + 12*j + 20. Let w(m) = 17*c(m) + 6*u(m). Calculate w(3).
22
Let y(t) = -3*t - 6. Let s(a) = 13*a + 25. Let c(u) = -2*s(u) - 9*y(u). Suppose -4*i + 32 = -0*r - 4*r, 0 = -5*r - 6*i - 40. What is c(r)?
-4
Let y(w) = -2*w**3 - 2*w**2 + 2*w + 3. Let n be 1 - ((11 - 5) + -4). Let c be 6/(3 - 9) + n. Give y(c).
7
Let h(q) = -872 + 2*q**2 - 866 + q**3 + 1741. What is h(-3)?
-6
Let c(k) = k**3 - 6*k**2 + 2*k - 1. Let l(r) = 15*r + 6. Let a be l(0). Give c(a).
11
Suppose 2*r - 12 = -5*p - 0, 6 = 4*p - 2*r. Let u(d) = -7 + 2 + d - p*d + 2. Determine u(8).
-11
Let w(a) = a**3 + 6*a**2 + 5*a - 2. Let x = 10 - -6. Suppose -24 - x = -5*d. Let r be d/(-2)*(0 - -1). Determine w(r).
10
Let b(m) = m + 2. Suppose -57 = -2*f + 25. Suppose 4*i + 44 = -4*y, -2*i + f = -3*y - 3*i. Let z(w) = -w**3 - 15*w**2 - w - 10. Let h be z(y). What is b(h)?
7
Let s(j) = j**2 - 4*j - 23. Let g be s(6). Let l(w) = w**2 + 12*w + 4. Calculate l(g).
-7
Suppose -4*k = 4*p - 40, 4*p + 5*k + 4 = 47. Let x = 3 - p. Let u be -4 - (-5)/(5/x). Let 